is the remainder when 111 is divided by c?
27
Calculate the remainder when 215/4 + (-6)/24*3 is divided by 6.
5
Let y = 63 - 56. Calculate the remainder when 66 is divided by y.
3
Suppose 21*d = 164 + 88. What is the remainder when d is divided by 8?
4
Let y = -162 - -141. What is the remainder when 41 is divided by -11 + 10 + 1/((-3)/y)?
5
Suppose 2*f - 7 = 65. Let a = 18 + -12. Let m(k) = 3*k - 5. What is the remainder when f is divided by m(a)?
10
Suppose -4 - 16 = -o. Let v be 5 - 4 - 15*-10. Let h = v + -34. Calculate the remainder when h is divided by o.
17
Let i = -44 - 22. Calculate the remainder when (6/(-18))/(2/i) is divided by 7.
4
Let n = -18 + 22. Suppose -2*m = -4*m + n. Suppose -m*y - 5 = -3*y. Calculate the remainder when y is divided by 3.
2
Let w(m) = -5*m**2 + 8*m - 4. Let s be w(4). Let o = -11 - s. What is the remainder when 121 is divided by o?
39
Let t be (-16)/(-16)*2/(-2). What is the remainder when 74 is divided by ((-26)/(-6))/(-1)*t*9?
35
Let j = 16 - 9. Suppose -f - 2 = 4*d - 4, -2 = d. Suppose 0 = f*v - 7*v - 33. What is the remainder when v is divided by j?
4
Suppose 100 = 2*z - 264. What is the remainder when z is divided by ((-37)/2)/(3*8/(-48))?
34
Suppose 0 = 8*i - 3*i - 685. Let q = i - 71. Calculate the remainder when q is divided by 17.
15
Suppose 2*w + 150 = 6*w - 3*c, 5*c = 3*w - 118. Suppose -n = -0*n + w. Calculate the remainder when (n/(-27))/(4/294) is divided by 25.
23
Let o(j) = -2*j**2 - 2*j + 2. Let d be o(3). Suppose -39 = p - 95. Let c = d + p. What is the remainder when 135 is divided by c?
33
Let i(y) = -9*y - 4. Suppose 2*j - 22 = 2. Let d be i(j). Let m = -66 - d. Calculate the remainder when m is divided by 12.
10
Calculate the remainder when 58 is divided by ((-45)/10 + -4)/((-3)/6).
7
Let c = 247 - 176. Calculate the remainder when 849 is divided by c.
68
Suppose s = -0*s + 5*f + 5, 0 = s - f - 1. Suppose 4*g - 52 = 2*g + 2*d, s = -3*d - 12. What is the remainder when g is divided by 9?
4
Suppose -3*z = -3 + 15. Calculate the remainder when 20 is divided by 15 + (-3 - -1)/(z/(-6)).
8
Suppose -3*n - 8 = 1, 3*x - 3*n = 27. Let m(u) = -u**2 + 9*u + 7. Calculate the remainder when 46 is divided by m(x).
21
Let l = -3367 + 3382. Suppose 9 + 3 = 2*i. What is the remainder when l is divided by i?
3
Suppose 6*u - u + 5*l = 160, -l = 2*u - 64. What is the remainder when 215 is divided by u?
23
Let s = -2137 - -2256. What is the remainder when s is divided by 29?
3
Let g = -11 - -15. Let b = -2 - -4. Suppose 7*d + g*s + b = 2*d, 9 = 3*d - s. Calculate the remainder when 2 is divided by d.
0
Suppose -3*m = -6*m + 9. Suppose 0 = j + 4*d + 10, -m*d + d = 4. Calculate the remainder when 23 is divided by (-119)/(-21) + j/(-6).
5
Let w = -19 + 34. Let r(d) = d**3 + 11*d**2 - 6*d - 7. What is the remainder when r(-11) is divided by w?
14
Let x(l) = 5*l + 1. Let c be x(4). Let i = c + -12. Let j = i + 22. Calculate the remainder when j is divided by 8.
7
Suppose -29*s = -30*s + 3, -y + 11 = -2*s. What is the remainder when 3109 is divided by y?
15
Let r = -95 - -227. Let h = r - 59. What is the remainder when h is divided by 15?
13
Suppose -4*q - 5*i = -12, 0 = 2*i + 2*i. Suppose -2*j = 2*y - 34, 3*y - 71 = -2*y + 2*j. What is the remainder when y is divided by q?
0
Let w(d) = -d**3 - 18*d**2 - 34*d + 37. Calculate the remainder when w(-16) is divided by 25.
19
Let t(b) be the third derivative of -b**6/120 - b**5/30 - b**4/8 + 2*b**2. What is the remainder when t(-2) is divided by ((-9)/15)/((-10)/50)?
0
Let z be (-20)/6*54/(-10). Let b be 6/(-27) - 230/z. Let d = 2 - b. Calculate the remainder when d is divided by 8.
7
Let f(n) = -n**3 - 5*n**2 + n + 4. Let v be f(-6). Suppose 0 = -k - 0*p - 2*p - 14, v = -k + 2*p. Let x = 51 + k. What is the remainder when 52 is divided by x?
25
Suppose -104 = 5*r - 284. Let h = 1000 - 981. Calculate the remainder when r is divided by h.
17
Let d(g) = 2*g**3 - 47*g**2 + 25*g - 33. Calculate the remainder when 62 is divided by d(23).
10
Let j = -3 + 10. Suppose 9*t + 46 = 163. Let r = t + -9. Calculate the remainder when j is divided by r.
3
Let y = -19 - -19. Suppose -k - 11 + 54 = y. What is the remainder when k is divided by 11?
10
Suppose -10*o = -14*o - 8. What is the remainder when 64 is divided by ((-3 + 29)*-1)/o?
12
Let d be -3 - 14*38/(-4). Suppose -2*f + d = 3*f. Calculate the remainder when (-2 - (-3 - f)) + -2 is divided by 13.
12
Let q(h) = 2*h**2 - 16*h + 16. Let l be q(7). Suppose -4*s + 220 = -2*r - 3*r, -2*s + l*r = -108. What is the remainder when s is divided by 4?
2
Let s be -3 + 18/3 + -1. Let v(z) = 6*z**3 - z**2 + 2*z. Let c be v(s). Let b = c - 24. Calculate the remainder when 69 is divided by b.
21
Suppose 4*i - 337 = -5*q + 6*i, -i + 349 = 5*q. What is the remainder when 481 is divided by q?
67
What is the remainder when 574 is divided by (-12 - 8/(-4))/((-2)/23)?
114
Suppose -7*b = -3*b. Suppose -9*w + 10*w = 5*o + 20, -2*w + 4*o + 10 = 0. Let j = b - w. Calculate the remainder when j is divided by 4.
1
Suppose -35*d + 30*d + 1096 = 4*s, -s = 4*d - 263. Calculate the remainder when s is divided by 8.
7
Let u(t) = 43*t - 1. Let v be u(1). Suppose -2*n = -4*n + v. Calculate the remainder when n is divided by 12.
9
Let n be 29/5 - 2/(-10). Suppose n*d = 2*d. Suppose 5*j - 3*j - 10 = -2*f, -3*f - 15 = d. Calculate the remainder when 28 is divided by j.
8
Let w(q) = 2*q + 6. Let y be w(-4). Let d(p) = p**2 - p - 1. Suppose 0 = -13*l + 3*l + 220. Calculate the remainder when l is divided by d(y).
2
Let h = -373 + 575. What is the remainder when h is divided by 51?
49
Let d(m) = -m**3 - 6*m**2 - 8*m - 11. Let n be d(-5). Suppose 5*b + 85 = o, n*o - 2*o + 2*b = 146. What is the remainder when o is divided by 19?
18
Let h(f) = 28*f + 15. Calculate the remainder when 143 is divided by h(1).
14
Let q = -83 - -152. What is the remainder when q is divided by 15?
9
Suppose -4*a = 3*a - 714. Calculate the remainder when a is divided by 53.
49
Let q(f) = -f**2 + 15*f + 56. Calculate the remainder when q(16) is divided by 19.
2
Suppose 3*k = 5*k - 292. Suppose -27*i = -36*i + 333. Calculate the remainder when k is divided by i.
35
Let x = -204 - -235. What is the remainder when 64 is divided by x?
2
Let g = 25 - 13. Suppose 7*h + 775 = g*h. Suppose 3*o = 4*n - h, 5*n + 0*o - 200 = 5*o. What is the remainder when n is divided by 9?
8
Suppose 2*z - 6 = -2*i, -5*z = -5*i + 2*i - 31. Suppose 0 = -3*p + z*p - 18. Calculate the remainder when 30 is divided by p.
3
Let x = 44 + 39. What is the remainder when x is divided by 14?
13
Let o = -61 - -46. What is the remainder when 166 is divided by (1 + o/(-20))*(-24)/(-2)?
19
Let i = 592 - 493. What is the remainder when i is divided by 26?
21
What is the remainder when 2 + 77 - 0/(-2) is divided by (-749)/(-28) - (36/(-54))/((-16)/(-6))?
25
Let c = 9 - -6. Let h = -40 - -24. Let r = h - -22. Calculate the remainder when c is divided by r.
3
Let x(b) = b**2 - b + 3. Suppose -z - 1 + 15 = -2*y, 5*y = 3*z - 38. Calculate the remainder when x(z) is divided by 108/9*2*(-9)/(-12).
15
Calculate the remainder when 12/24*(3 - -355) - -4 is divided by 66.
51
Let w(f) = 16*f + 7. What is the remainder when 39 is divided by w(0)?
4
Suppose -5*b = -29 - 41. Calculate the remainder when 23 is divided by b.
9
Let s = -38 - -2. Let a = s + 50. Calculate the remainder when 27 is divided by a.
13
Suppose 5*z - 411 = -3*x + 19, 274 = 3*z + 5*x. Calculate the remainder when z is divided by 35.
13
Let s = -90 + 136. Suppose 5*a - s = -5*q + 19, -4*a = -5*q + 38. Calculate the remainder when 19 is divided by q.
9
Let j(t) = 3*t**3 - 25*t**2 - 13*t - 10. What is the remainder when 243 is divided by j(9)?
33
Suppose -4*z - 10 = -2*q, -q + 4 = -0*q - z. Let r = 48 - 27. Calculate the remainder when r is divided by q.
0
Suppose 5*k - 223 = -4*u, 5*k + 290 = 5*u + 45. Let y = u + -30. Calculate the remainder when -36*((-22)/8 - -1) is divided by y.
19
Suppose 4*s = 22 + 14. What is the remainder when 79 is divided by s?
7
Let g(z) = 48*z**2 + 3*z - 2. Calculate the remainder when g(1) is divided by 17 - -6*(-2)/3.
10
Suppose 3 + 29 = 4*n. Suppose -n*i = -4*i - 32. Let a(l) = -l**3 + 9*l**2 + l + 1. Calculate the remainder when a(i) is divid